 14*w**2 - 17*w**2 - 2*w**3 - 24 + 3 - 9*w. Let f be g(-9). Suppose -577 = -3*d + 4*z + 196, 0 = 5*d - 4*z - f. Is d composite?
False
Let t(r) = 53*r**3 - 4*r + 3. Suppose 2*i - 5*i + 33 = 0. Let a be (-2)/i + (-48)/(-22)*1. Is t(a) a composite number?
False
Let t = 21237 - 5360. Is t a composite number?
False
Suppose 4*r - 60 = 9*r. Let s(j) = -5*j + 45 + 2*j - 14. Is s(r) composite?
False
Let x(b) = 75457*b - 5388. Is x(7) prime?
True
Let t(i) be the first derivative of -369*i**2 + 43*i - 146. Is t(-7) prime?
True
Let f = 156178 + 50719. Is f prime?
True
Suppose 7*n + 20 + 64 = 0. Let u be (-15)/n + (-10)/8. Suppose u = -7*h + 10*h - 354. Is h a prime number?
False
Let a(h) be the second derivative of -29*h**3/3 + 103*h**2/2 + 49*h. Is a(-10) a prime number?
True
Let a(m) = -3*m**3 + 2*m**2 + 225 - 229 - 17*m**2. Let l be a(-11). Suppose l = 9*b - 4999. Is b composite?
False
Suppose -4*q + 13359 = -3*a, -3*q + 10023 = -4*a + a. Let w = 4954 - q. Is w prime?
False
Suppose 4*h = -4*i - 4148, 4*i + 4*h - 3*h = -4157. Let m be 2168/(-4)*(-2)/(-4). Let a = m - i. Is a a composite number?
False
Suppose 3*w = 0, 9*u - 5*u + w - 10964 = 0. Suppose -3*n - 5481 = -4*p, -2*p - 19*n + u = -20*n. Is p composite?
True
Let j = 237 + -399. Let g = -4 - j. Suppose 2*q - 1596 = -g. Is q a prime number?
True
Let q(z) = -173*z - 22. Let c = 131 + -134. Is q(c) prime?
False
Suppose 15*x - 46592 = 22*x. Let q = -627 - x. Is q a composite number?
False
Let h(m) = 5*m**2 + 107*m + 521. Is h(-47) composite?
True
Let g = 353 - 348. Suppose g*k = 4*d - 42205, d - k - 21107 = -d. Is d a prime number?
False
Suppose 2*s + 9 = 13. Let x(z) = z**2 - 7*z - 93. Let k be x(14). Suppose s*r + 5*b - 24416 = -r, k*r = -2*b + 40725. Is r prime?
True
Is 1 + 692894 - (14 - (33 - 21)) prime?
True
Let y be 3/4 + (-20)/(-16). Let f(u) = 33*u**2 - 2*u + 3. Is f(y) a composite number?
False
Let j(h) = 2*h**2 - 3*h + 4. Let i be 16/72 - 6/27. Let t be j(i). Suppose -3788 = -t*x - 0*m - 5*m, 3*m = 3*x - 2841. Is x a composite number?
False
Let p = 9 + -4. Suppose 2*x + 7586 = 2*g + 6*x, 2*g = -p*x + 7589. Is g composite?
True
Let t be ((-5)/((-75)/(-70)) - -4)*11547. Let q = t + 11705. Is q prime?
True
Let t(c) = 183*c**2 - 603*c + 5. Is t(12) prime?
True
Let t(r) = -r**3 + 23*r**2 + 23*r + 3. Let y be t(24). Let z = y - -17. Is z/6 + 3779/3 a prime number?
True
Let f be (2/(-3))/((-30)/(-156690)). Let r be (1 - 0)*(-29358)/6. Let k = f - r. Is k a prime number?
False
Let y(q) = 14*q - 374. Let h be y(-23). Let n(j) = -73*j**2 - 2*j - 1. Let w be n(-2). Let d = w - h. Is d composite?
True
Suppose -1533631 + 4988146 = 226*j - 3759179. Is j a composite number?
True
Let o(b) = -14076*b + 2. Let f be o(-1). Suppose x - f = -x. Is x a composite number?
False
Let s = -2458 - -6074. Suppose -8*z + s = -3736. Is z prime?
True
Let g be 14/6 - (20/6)/(-5). Suppose 2*p + 3060 = 2*a - g*p, -4*a + 6150 = 5*p. Is a prime?
False
Suppose 4*d = 5*r + 2998740, -d - 226821 + 976508 = -r. Is d prime?
False
Suppose j = 5 + 1, 5*m - 2*j - 48753 = 0. Is m composite?
True
Let u be (-672)/176 - (2/11 - 0). Let k be (0 + u - (-828 - 2)) + 0. Suppose y = -3*p + 668, y - k = 3*p - 128. Is y a prime number?
True
Let j be 15*((-119)/(-35) + -3). Suppose -4025 = -j*p + 571. Is p prime?
False
Suppose -9*q - 511534 = -2*x - 7*q, -x = 4*q - 255747. Is x prime?
True
Suppose -3*v + 48 = -15*v. Let t be v + 4 + 4 + 1515. Suppose 5*c - t = -4*b, 0 = -4*c - 0 - 4. Is b a composite number?
True
Suppose 10*n - 10 - 20 = 0. Suppose -z = n, -4*v + 0*z - 4*z = -39448. Is v a composite number?
True
Is (-1)/4 - (-97)/(-2)*(-482313)/298 composite?
False
Suppose -56*k - 26*k + 38770391 = 15937081. Is k composite?
True
Let c = -97256 + 369985. Is c prime?
False
Suppose 2*s = -2*s - 5*n + 24, -s + n = 3. Suppose 0 = 4*l + 3*c - 31, -3*l + 7*l - s = 3*c. Is 2250/330 - (0 + l/(-22)) a prime number?
True
Suppose -2*w + 7 = -9. Let j(p) = p + 1. Let o be j(w). Suppose -o*z = -6*z - 2859. Is z composite?
False
Let m = 108439 - 68852. Is m a composite number?
True
Let w(f) be the first derivative of -23*f**2 - 10*f - 1. Suppose 4*c - 2 = d, 4*c + 379 - 377 = -d. Is w(d) composite?
True
Let m be 402200/36 + (-4)/18. Let a = -5653 + m. Is a a composite number?
False
Let w = -219878 - -490699. Is w prime?
True
Let m = 5854 - 8529. Let n = -522 - m. Is n a prime number?
True
Suppose -h = 906 - 912. Is 2331178/(-123)*h/(-4) a prime number?
True
Suppose 2*o + 69 = 29. Let j(d) = -d**2 - 9*d - 10. Let c be j(-11). Is -3 + (c/o)/((-2)/(-125)) a composite number?
False
Suppose 20*x - 1009688 = -4*q + 21*x, -q + 2*x = -252429. Is q a composite number?
True
Let j be (0 + (-9)/(-6))*(-15 + 9). Let p be ((-1 - -1) + (-3)/j)*0. Suppose p = -4*z + z + 5*t + 3124, -z - 3*t + 1046 = 0. Is z a prime number?
False
Suppose -116*b = -112*b - 404324. Is b a composite number?
False
Let q be (9/(-6))/((-15)/10 + 0). Is (-9731)/74*q*-2 composite?
False
Let p be ((-3588)/(-9))/(1 + (-4)/3). Let d = -519 - p. Is d prime?
True
Let m be (-3)/(-1 - 8) - (-80289)/27. Let h = m - 525. Is h prime?
False
Suppose 0*g - g + 5 = 0. Suppose 0 = 6*o - g*o - 5. Suppose o*t + 293 = -r + 836, -2*t = 3*r - 212. Is t a prime number?
True
Let y = -118187 - -186301. Is y a composite number?
True
Let l = -2803 + 4160. Suppose -3*i + l = -941. Is i composite?
True
Suppose 4*y - 1278687 = 5*n, -4*n + 849149 = 2*y + 209799. Is y a prime number?
True
Let o = -53 - -63. Suppose -o*l + 22 = -8. Is (-1)/l*(-4075 + 32/(-4)) a prime number?
True
Let z = -13 + 16. Suppose -3*f + z*q = 6, -f + 7*q - 2*q = -18. Let k(u) = -4*u**3 - 3*u**2 + 26*u. Is k(f) prime?
False
Suppose 2*o = f - 5, -5*f - o = o - 13. Suppose -15 = f*u, 3*v = -3*u + 2*u + 8896. Suppose 0 = -y + 4*y - v. Is y composite?
True
Suppose -47*b - 13290 = q - 52*b, -3*q + 4*b = 39815. Let m = -6994 - q. Is m a prime number?
True
Is 4/50 - (-190255702)/1850 composite?
False
Let f be 39/12 - (-189)/(-84). Let t(b) be the first derivative of 111*b**4/2 + 2*b**3/3 - b + 1. Is t(f) a composite number?
False
Let v = 0 - 1807. Let m = v + 4734. Is m a composite number?
False
Let d(a) be the second derivative of -a**6/360 - 31*a**5/120 + 11*a**4/24 - 2*a**3/3 + 18*a. Let h(m) be the second derivative of d(m). Is h(-15) composite?
False
Let r be 7229/(5 + -3 - 1). Let p = 20056 - r. Is p prime?
False
Let y be 8/(-24) + (-8)/12. Let c(k) = -1728*k**3 - 4*k**2 - 2*k + 1. Is c(y) composite?
True
Let t(i) be the second derivative of 5027*i**4/12 + 7*i**3/6 - 7*i**2/2 + 37*i. Is t(1) a composite number?
True
Suppose -3*l - 2*l - 5 = 0. Is 18/(-6) + l - -269 prime?
False
Suppose 794*g = 792*g - 4468. Let u = -1257 - g. Is u a prime number?
True
Let k(b) = -5*b**3 + 105*b**2 + 56*b + 161. Let a(o) = o**3 - 26*o**2 - 14*o - 40. Let x(s) = -9*a(s) - 2*k(s). Is x(-21) a composite number?
True
Suppose -3*m = -4*a + 42, -7 - 21 = -4*a - 4*m. Let s(q) = 3*q**2 - q**3 - 5*q**2 + a + 11*q - 6*q**2 + 20. Is s(-12) a prime number?
False
Let b be 1/(-1) + -130 + -1. Let s be (4/6)/((-22)/b). Suppose s*y + 21 = 105. Is y composite?
True
Let m = 206227 - -401770. Is m prime?
False
Suppose -d - 14892 = -7*d. Suppose 5*l - 2*m = 38109, 2*l + 3*m - 12754 = d. Is l prime?
True
Suppose -4*g = 5*r - 492691, 0 = -2*g - 5*r + 98578 + 147775. Is g a composite number?
False
Suppose 4595655 = 20*z - 5*g, -27*g + 229809 = z - 31*g. Is z composite?
False
Suppose 2*u - 2*t = 105272, 3*t - 33262 = -4*u + 177303. Is u prime?
True
Suppose 0 = 3*o + 15*i - 18*i, 0 = -5*o + 4*i + 2. Suppose -10*r + o*r + 83416 = 0. Is r a composite number?
False
Is 6/((-66)/(-77)) - -7272 prime?
False
Is (((-1)/7)/(20/(-70)))/((-6)/(-1071996)) prime?
False
Suppose 0 = -4*s - 197966 + 601042. Suppose -3*t + 2*a = -a - 60462, -5*t + s = -4*a. Is t composite?
True
Suppose -y + 3*t = 16 - 2, 0 = 2*t - 6. Is y + 3599 + 6/(-6) composite?
False
Let t = 48387 - -130756. Is t prime?
True
Let t = 209226 - 63331. Is t a prime number?
False
Let c = 25 - 19. Let v = c - 1. Suppose -3012 = -v*b - b. Is b prime?
False
Suppose 11*b - 95 = 15. Is 390 - (-4 + b + -7) prime?
False
Let y(g) = -283*g**3 + 2*g**2 + 6*g + 17. Is y(-4) prime?
False
Suppose 0 = 5*l + 2*q - 540217, 130659 - 670834 = -5*l + 5*q. Is l a pri